 = 2*u**3 - 40*u**2 + 189*u - 133. Determine r(4).
111
Let o(h) = h**2 - 2973*h + 73707. Give o(25).
7
Let f(m) = 2261*m - 31542. Determine f(14).
112
Let d(l) = l**3 - 170*l**2 - 3587*l + 69. Calculate d(189).
825
Let k(x) = x**2 + 2677*x + 438005. Determine k(-175).
155
Let c(v) = 2*v**2 + 30*v - 245. Give c(-11).
-333
Let a(h) = 76090*h + 684808. Calculate a(-9).
-2
Let g(y) = -3*y**2 - 3853*y + 19331. Determine g(5).
-9
Let v(n) = -15*n**2 + 1678*n + 2058. Give v(113).
137
Let z(f) = -f**2 - 276*f + 11942. What is z(36)?
710
Let c(t) = -239*t - 9431. Calculate c(-35).
-1066
Let p(t) = -t**3 - 158*t**2 + 153*t + 169. Calculate p(-159).
1123
Let z(w) = -w**3 - 130*w**2 - 110*w + 3408. Determine z(-129).
957
Let w(v) = 202*v - 8294. Determine w(50).
1806
Let h(p) = -p**3 - 471*p**2 + 18804*p + 4063. What is h(-508)?
-1
Let y(g) = 20*g**3 + 2*g**2 - 114*g + 651. Calculate y(5).
2631
Let a(p) = 14*p**2 - 1065*p + 2145. What is a(74)?
-1
Let k(s) = -2*s**3 - 140*s**2 + 185*s + 3054. What is k(-71)?
1
Let r(m) = -2*m**3 + 29*m**2 - 109*m + 129. What is r(11)?
-223
Let f(t) = 10*t**2 - 4*t - 145. What is f(-13)?
1597
Let y(p) = 558052*p + 25670397. What is y(-46)?
5
Let d(h) = -h**3 + 345*h**2 + 4168*h + 41419. Give d(357).
7
Let f(y) = -1234*y + 439364. Determine f(356).
60
Let k(n) = -18211*n + 218496. Give k(12).
-36
Let l(h) = 2*h**2 + 87183*h - 3053833. Give l(35).
22
Let a(v) = 36585*v**2 - 219508*v - 13. Calculate a(6).
-1
Let n(i) = i**2 - 47*i - 98. Calculate n(48).
-50
Let b(x) = -831*x - 28282. What is b(-35)?
803
Let w(d) = 437*d**2 - 5*d - 10. Calculate w(-2).
1748
Let r(a) = -17*a**2 - 1072*a - 11705. Determine r(-49).
6
Let t(v) = 29*v**2 + 3564*v - 3587. What is t(1)?
6
Let v(j) = -13*j**2 + 1807*j + 12749. Give v(-7).
-537
Let p(q) = 1989*q + 1864. Determine p(-1).
-125
Let n(f) = f**2 - 9895*f - 2101422. Give n(-208).
2
Let t(v) = 4*v**2 + 41*v - 337. Give t(14).
1021
Let b(a) = 3164*a + 1113588. Calculate b(-352).
-140
Let b(q) = q**3 + 1048*q + 5188. Determine b(-5).
-177
Let b(n) = 467*n + 703. What is b(4)?
2571
Let f(s) = 1297*s + 32675. What is f(-25)?
250
Let b(c) = 313*c - 10001. What is b(33)?
328
Let r(c) = -371*c - 48693. Calculate r(-131).
-92
Let b(r) = 3910*r - 54740. Give b(14).
0
Let y(v) = 2119*v - 2423. Determine y(1).
-304
Let o(b) = -714*b + 2822. Give o(4).
-34
Let v(r) = 3312*r + 49738. Give v(-15).
58
Let m(c) = -c**2 + 148852*c + 60449072. What is m(-405)?
-13
Let m(d) = -782*d + 7911. Calculate m(8).
1655
Let v(l) = -1186*l + 92579. Give v(78).
71
Let u(n) = 71904*n - 1797594. Calculate u(25).
6
Let w(c) = -513*c - 26420. Determine w(-52).
256
Let p(i) = -19*i**2 + 5142*i + 15432. What is p(-3)?
-165
Let n(x) = x**3 + 5*x**2 + 40447*x + 121294. What is n(-3)?
-29
Let b(a) = a**3 + 121*a**2 + 797*a - 206. What is b(-114)?
-92
Let j(m) = 13*m**3 - 122*m**2 + 154*m - 63. Calculate j(8).
17
Let i(x) = 2*x**2 + 21*x - 397. Give i(15).
368
Let q(w) = w**2 + 108*w + 2694. Calculate q(-101).
1987
Let o(g) = 4*g**3 + 33*g**2 - 63*g + 77. Determine o(-10).
7
Let w(h) = 7*h**2 - 607*h - 6040. What is w(96)?
200
Let d(m) = -2*m**2 + 115*m - 1340. Determine d(34).
258
Let w(u) = 200*u**3 - 8*u**2 - 11*u + 15. Determine w(-2).
-1595
Let a(k) = 10601*k - 9699. Calculate a(1).
902
Let z(v) = -3*v**3 + 39*v**2 + 151*v + 907. Determine z(17).
6
Let h(p) = -2*p**3 - 148*p**2 - 285*p + 166. Calculate h(-72).
-50
Let s(f) = -1738*f + 16287. Determine s(11).
-2831
Let d(z) = 742*z + 1817. Calculate d(-4).
-1151
Let o(v) = 52*v**2 + 284*v - 1296. Determine o(5).
1424
Let p(f) = 3*f**3 + 55*f**2 - 68*f + 367. Determine p(-22).
-3461
Let h(g) = 271*g + 389. Give h(-8).
-1779
Let z(w) = w**3 + 101*w**2 - 233*w - 13356. Give z(-102).
6
Let g(v) = -v**2 - 443*v - 8103. Calculate g(-19).
-47
Let n(h) = 122*h**2 - 466*h + 946. Calculate n(3).
646
Let j(u) = 3*u**2 - 16691*u + 530987. Determine j(32).
-53
Let h(a) = -19*a**3 - 5*a**2 - 36*a + 42. Give h(1).
-18
Let v(z) = z**3 + 19*z**2 + 71*z + 563. What is v(-14)?
549
Let v(r) = -r**3 + 1294*r**2 + 15614*r + 75753. Determine v(1306).
5
Let b(m) = -7*m**3 - 48*m**2 + 191*m + 47. What is b(3)?
-1
Let b(a) = 7188*a + 136521. Determine b(-19).
-51
Let g(w) = 2166*w + 6450. What is g(-3)?
-48
Let n(g) = 87149*g + 15686815. Determine n(-180).
-5
Let k(b) = -5*b**3 + 113*b**2 - 267*b + 22. Determine k(20).
-118
Let d(c) = 5*c**2 - 331*c + 4973. What is d(21)?
227
Let h(y) = -y**3 + 36*y**2 + 255*y - 5379. What is h(39)?
3
Let i(s) = 2*s**2 + 531*s - 10748. Give i(19).
63
Let s(k) = 103*k**2 - 4910*k - 61715. What is s(58)?
-3
Let p(k) = -1547*k**2 + 17*k + 21. Give p(-1).
-1543
Let l(i) = -2*i**3 + 228*i**2 + 2233*i - 167. What is l(123)?
2170
Let u(w) = 2*w**2 - 94*w - 12950. Give u(-75).
5350
Let u(g) = 5377*g + 16097. Give u(-3).
-34
Let c(x) = -24*x**2 + 770*x - 87. Calculate c(32).
-23
Let m(a) = 4497*a - 16995. Calculate m(4).
993
Let v(q) = q**3 + 65*q**2 + 819*q + 2925. Give v(-7).
34
Let s(l) = -4*l**3 - 55*l**2 - 62*l - 24. What is s(-11)?
-673
Let u(r) = -2*r**3 - 16*r**2 - 3128*r - 24959. What is u(-8)?
65
Let h(z) = 12*z**2 - 4790*z - 23425. Give h(404).
7
Let u(o) = 2*o**3 - 348*o**2 - 1095*o + 68808. Give u(176).
-8
Let s(z) = -71066*z - 5116746. Calculate s(-72).
6
Let v(g) = 2706*g**2 - 5407*g - 5. Determine v(2).
5
Let f(q) = 6*q**3 + 2*q**2 - 14*q + 137. Determine f(3).
275
Let y(f) = -13*f**2 + 1092*f - 232. Determine y(85).
-1337
Let s(u) = -78753*u + 393971. Calculate s(5).
206
Let n(v) = 2*v**2 + 238*v + 886. Determine n(-117).
418
Let r(y) = 3*y**2 - 91*y - 178188. What is r(-229)?
-26
Let s(t) = -2*t**3 + 34*t**2 + 55*t + 86. Give s(19).
-313
Let n(h) = h**3 + 692*h**2 - 449*h - 310712. Calculate n(-692).
-4
Let v(k) = -874679*k - 21866998. Determine v(-25).
-23
Let a(c) = 2*c**3 + 15*c**2 - 16*c - 292. Give a(-10).
-632
Let p(k) = 463*k - 68993. Determine p(149).
-6
Let t(c) = 17079*c**2 - 256194*c - 24. Give t(15).
-159
Let d(s) = -s**3 + 104*s**2 + 191*s + 2015. What is d(106)?
-211
Let f(v) = v**3 + 238*v**2 + 3350*v + 1109. What is f(-223)?
-6
Let a(j) = 4*j**2 - 680*j - 7176. Give a(-10).
24
Let t(i) = 92361*i - 57356176. Determine t(621).
5
Let d(l) = -1110*l - 100763. Determine d(-90).
-863
Let a(t) = -28566*t + 4113504. Calculate a(144).
0
Let l(x) = 183*x + 6048. Give l(-30).
558
Let m(u) = 2*u**2 + 288*u - 272. What is m(-145)?
18
Let f(k) = 3*k**2 - 130235*k - 130237. Give f(-1).
1
Let s(q) = -q**3 + 37*q**2 + 1728*q + 7998. What is s(-23)?
-6
Let q(l) = l**2 - 272*l - 5188. Determine q(290).
32
Let z(p) = -7*p**2 - 233*p - 445. Give z(-2).
-7
Let w(t) = t**3 - 27*t**2 + 59*t - 841. Determine w(26).
17
Let d(t) = t**3 + 134*t**2 - 850*t + 65. What is d(6)?
5
Let k(i) = 17362*i - 156225. Calculate k(9).
33
Let y(a) = -67*a**3 + 729*a**2 + 90*a - 9. Calculate y(11).
13
Let o(w) = 43*w + 1558. Calculate o(-83).
-2011
Let x(a) = a**3 - 28*a**2 - 92*a + 2566. What is x(28)?
-10
Let l(i) = i**3 - 34*i**2 + 2*i - 179. Determine l(0).
-179
Let s(q) = q**3 - 29*q**2 - 339*q + 8536. Calculate s(30).
-734
Let l(y) = 4*y**3 + 76*y**2 + 92*y - 25. What is l(-17)?
723
Let c(k) = 50*k**2 - 1359*k - 17. Calculate c(27).
-260
Let r(n) = n**3 - 268*n**2 + 921*n - 33386. Calculate r(265).
4
Let c(n) = 2*n**3 + 44*n**2 - 304*n + 29. Give c(8).
1437
Let r(j) = 2*j**3 - 37*j**2 + 123*j + 377. Calculate r(11).
-85
Let x(h) = -26671*h + 7894624. Give x(296).
8
Let v(h) = -12597*h - 65327. Give v(-5).
-2342
Let a(x) = 2*x**3 + 226*x**2 - 5936*x - 63. Calculate a(22).
25
Let h(y) = y**3 + 6*y**2 - 240*y + 901. What is h(4)?
101
Let o(u) = -200*u**2 - 19448*u + 14895. Determine o(-98).
-1
Let j(y) = 576*y + 4793. Determine j(-8).
185
Let i(z) = -z**3 + 8*z**2 - 4349*z + 43738. What is i(10)?
48
Let t(q) = 12*q**2 - 433*q + 2696. Give t(6).
530
Let i(l) = 120968*l - 604851. What is i(5)?
-11
Let x(k) = -5*k**2 + 3938*k - 31188. Calculate x(8).
-4
Let y(h) = 2*h**2 + 377*h + 11426. Determine y(-167).
4245
Let u(c) = -4*c**2 + 204*c + 2727. Determine u(62).
-1
Let d(u) = -3*u**3 - 332*u**2 + 49*u - 44707. Give d(-112).
-19
Let w(k) = 3011*k - 454680. Calculate w(151).
-19
Let h(j) = j**3 + 2*j**2 + 22*j + 233. Calculate h(0).
233
Let x(y) = -6191*y + 67. What is x(0)?
67
Let k(h